et f(a) = -268*a**3 + 11*a**2 + 11*a - 65. Is f(-16) composite?
False
Let y(v) = -9*v + 0*v - 2 + 6*v. Let t be y(-2). Suppose 0 = -3*g + t*o + 995, 0*g = g + 5*o - 357. Is g a composite number?
False
Suppose -3*i - 3 - 15 = 0. Let s(r) = r**3 + r + 1. Let x(y) = 2*y**3 + 2*y**2 - 4*y + 14. Let v(d) = -3*s(d) + x(d). Is v(i) composite?
True
Suppose 77*a - 253058160 = -163*a. Is a composite?
True
Let b = -73 - -67. Let x = 11 + b. Suppose x*s = 11330 - 1715. Is s a composite number?
True
Let y(d) = 2752*d - 3559. Is y(45) a composite number?
True
Let i(w) = 528*w**2 + 165*w - 3715. Is i(20) a prime number?
False
Let c = -95986 - -168483. Is c a prime number?
True
Suppose -16*s + 857693 + 2085683 = 0. Is s composite?
True
Suppose 4*i = 3*i. Suppose 4*k - 3 = 1, -2*y + 2*k + 4 = i. Suppose -9*o = -y*o - 5322. Is o a composite number?
False
Is 4/(-28) + 1806284808/1414 prime?
True
Let w = -7194 + 10441. Is w prime?
False
Let d = 9 - 6. Let h be d + -5 + (2 - 0). Suppose -2*x + b + b + 1760 = h, 3*b - 868 = -x. Is x a composite number?
False
Let r = 856 + -829. Suppose r*k = 107510 + 102307. Is k prime?
False
Is 6 - 3*5/(90/(-1825122)) composite?
False
Suppose 5*r - 37 = -4*x, 3*x + 13 = 5*r - 3. Suppose 9*f - 11*f + 4 = 0, -r*z + 3*f = -2429. Is z composite?
False
Suppose -5*m + 2*h = -57371, 0*h + 34410 = 3*m - 3*h. Is m a composite number?
True
Let n(x) = 2*x**3 - 16*x**2 + 29*x - 8. Let u be n(9). Let t = u - -4446. Is t composite?
False
Let m = 7475 - 2434. Let k = m + -1514. Is k a prime number?
True
Suppose -2*z = 2*z + 5*y - 258, 262 = 4*z + 3*y. Let r = z - 62. Suppose 0 = 5*f - 25, r*q - f = -2*f + 490. Is q composite?
False
Let j be (15160/(-3) - 4)*-3. Suppose -38*w - j = -42*w. Is w + (0 - (-1 + 1)) a prime number?
True
Let a(d) = d**3 - 2*d**2 - 2*d + 4. Let c be a(2). Suppose c = 78*z - 83*z + 62655. Is z composite?
True
Suppose 5*o + 3*a + 11001 = 359794, -4*o + 2*a + 279052 = 0. Is o a composite number?
False
Is 16/(-12)*157431/(-4) a composite number?
True
Suppose -3*i - 4*j - 957467 = -8*i, 2*i - j - 382985 = 0. Is i a composite number?
False
Let v = -39126 + 67249. Is v composite?
False
Let b(c) = -717*c - 89. Let k be 4 + (-316)/44 - 16/(-88). Is b(k) composite?
True
Suppose 45*o = 5*m + 41*o - 900227, m - 180052 = 3*o. Is m prime?
True
Let c = 443 - 432. Let s(j) = 685*j + 96. Is s(c) a composite number?
True
Is (-657582)/(-39) - 3/39 a composite number?
True
Let m(b) = 4*b**3 - 3*b**2 + 11*b + 1. Let n(k) = 9*k**3 - 7*k**2 + 23*k + 2. Suppose 53*y - 52*y = -5. Let r(z) = y*m(z) + 2*n(z). Is r(-6) a prime number?
True
Let z = 451932 + -223023. Is z composite?
True
Suppose -z - 5526 - 11438 = 0. Is -5 - (z + (-4)/2) a composite number?
True
Suppose 1006618 = -87*m + 60*m + 73*m. Is m composite?
True
Let x(c) = -8979*c - 386. Is x(-35) a prime number?
True
Let i = -6876 + 73147. Is i prime?
True
Suppose 8636 = 2*m + 5*v, -3*m + 9155 + 3806 = 4*v. Let s = -2526 + m. Is s prime?
False
Suppose -94*q + 85*q = -378. Let b = 0 + 2. Suppose -f - q = -4*a - 503, 2*f = b*a + 904. Is f a prime number?
True
Suppose 3*c - 6*p + 4*p = 21, 5*c - p - 42 = 0. Suppose -m - 4*f + 15649 = 0, c*m + f + 62511 = 13*m. Is m prime?
True
Let t = -47944 - -80957. Is t a composite number?
False
Let n(g) = 0*g + 610 - g - 24 + g**2. Let l(u) = u - 25. Let f be l(25). Is n(f) composite?
True
Let q = -86 - -158. Let p be q/14 + 3/(-21). Suppose -34 = -p*n + 1501. Is n prime?
True
Let l(p) = -414*p**3 + 14*p**2 + 76*p + 15. Is l(-4) a composite number?
False
Let n(t) = 313*t + 24. Let l be n(-21). Let w = -3772 - l. Is w composite?
False
Let d(g) = -8*g + 39. Let n be d(7). Let a(l) = 6*l**2 - 14*l + 79. Is a(n) prime?
False
Let b = 744 + 99. Let o be (3 - -1468) + 1 + 2. Let x = o - b. Is x a composite number?
False
Let d(n) = 135*n**3 - 2*n**2 + 4*n - 1. Let g be d(3). Suppose -v + 38419 = g. Is v prime?
True
Let j = -8424 - -13387. Is j prime?
False
Let v(h) = -2*h**3 - 2*h**2 + 4*h + 8. Let j be v(5). Is (-102)/j - (491465/8)/(-5) a prime number?
False
Is 2*(0 - 2)/(420/(-85483335)) prime?
True
Suppose 2*i + 38 + 28 = 0. Let h = i - -37. Suppose 0 = -5*u + h*f + 137 + 1890, 4*f = 4*u - 1620. Is u a prime number?
False
Suppose a = 16 + 8. Suppose 10*r - a = 4*r. Is (-5)/20 - (-2229)/r a composite number?
False
Suppose -28*i + 25*i = -92988. Suppose -7*b = -i + 3759. Is b prime?
False
Is (-24894560)/(-144) + 2/18 a prime number?
False
Suppose 10*j - 220689 = 199101. Suppose j - 12269 = 10*k. Is k a composite number?
False
Let l(o) = 39*o - 33. Let x be l(17). Let w be 0 + -1 + x/14. Let v = w + 605. Is v composite?
True
Suppose 0 = 4*w - 165 + 161, -2*y + 200209 = -w. Is y a composite number?
True
Is ((-963021)/(-3))/(-17 + (-252)/(-14)) prime?
True
Let j(g) = -g**2 - 3*g + 7. Suppose 5 = -23*f + 22*f. Let r be j(f). Is 9930/24 - r/(-4) composite?
True
Suppose h - 5*s - 935931 = 0, 4679423 = 7*h - 2*h + 4*s. Is h composite?
True
Let j be (-3)/4 - 2510/(-40). Suppose 6 = -8*a + j. Suppose -3*l - 340 = -a*l. Is l a composite number?
True
Let z(b) = 0 - 63*b - 305*b - 23 - 24. Is z(-5) prime?
False
Suppose 10*j + 38079 = 13*j. Suppose -5*z + 2*w + 31742 = -w, 0 = 2*z - 5*w - j. Is z prime?
False
Let z(q) be the third derivative of 0 + 0*q - 157/12*q**4 + 1/2*q**3 - 39*q**2. Is z(-1) prime?
True
Let i be 14 + -27 - (-3 - (1 - 1)). Let y be (2 - (-4)/(-5))*25/i. Is y*(-8116)/36 + 6/9 prime?
True
Is 610/976 - (-10534)/16 prime?
True
Suppose -4*g + 86*j + 248516 = 87*j, -j = 0. Is g a prime number?
True
Suppose 82*s - 366008 = 74*s. Is s prime?
True
Suppose -194 + 5 = -27*q. Let p(d) = -5 + 72*d - 1 - 5. Is p(q) a prime number?
False
Let i(j) = 26957*j**3 + 7*j**2 - 33*j + 47. Is i(2) a prime number?
False
Let m = -25 - -41. Let i(p) = m + 35 + 13 - 143*p - 10. Is i(-13) a composite number?
False
Let m = -175786 + 322763. Is m a prime number?
True
Suppose 3*l - 33 = 2*d, 0*l + 4*d + 3 = -l. Let j(t) be the first derivative of 2*t**3 + t**2 - 13*t - 1227. Is j(l) a composite number?
False
Let z(q) = 98970*q - 2537. Is z(7) composite?
True
Let q = 721289 + -1421404. Is q/195*(8/(-2) - -1) a composite number?
False
Is (2495 + 36)*-46*5/(-10) a prime number?
False
Suppose -88 = -12*x - 28. Let l = -6119 + 17718. Suppose x*v - l = -2*v. Is v a composite number?
False
Let h(b) = -b**3 - 5*b**2 + 55. Let u be h(12). Suppose -4*d = 0, -3*d - 2*d = o - 3360. Let g = o + u. Is g a composite number?
False
Suppose 14*d - 132459 = -64650 + 212905. Is d composite?
False
Let o = 46975 + -24602. Is o prime?
False
Suppose 11*d - 199170 - 53577 = 0. Suppose -4*u - 30652 = -4*i, u - 4*u + d = 3*i. Is i a composite number?
True
Suppose 179*y - 175*y = -7128. Let c = 2527 + y. Is c a prime number?
False
Suppose -5*t - 219942 = -2*x, 5*x + 51642 = -3*t + 601435. Is x a prime number?
True
Let s(q) = 26*q - 23. Let i be s(18). Suppose i*c = 446*c - 5737. Is c a composite number?
False
Suppose o - 6998 = 1041. Is o prime?
True
Suppose 3*r = -3, -10*y - 516564 = r - 1585333. Is y a composite number?
False
Suppose 75 = -2*j - 7. Let u = -4 - j. Suppose 3*l - 7 - u = -t, 0 = -2*l - 2. Is t composite?
False
Let u = 1747313 - 1245402. Is u composite?
False
Suppose 2*j = 5893 + 263941. Is j a composite number?
False
Let a(y) = 7*y**3 - 21*y**2 - 7*y + 62. Is a(15) a prime number?
False
Let n = 590 - 594. Is 1*n - (-8)/((-24)/(-1239)) prime?
True
Suppose -2 = -2*j + 2*l, 3*j = -33*l + 29*l + 17. Suppose p - 18847 = -j*p + r, 0 = p + 5*r - 4696. Is p a prime number?
False
Suppose -3*v + l + 528016 = 0, 4*v - 23*l = -21*l + 704022. Is v composite?
True
Suppose 4*q + 3*p - 2595379 = 0, 3*q + 0*p - 4*p - 1946503 = 0. Is q a prime number?
True
Suppose -13 = -4*l - 1. Is (-1429 - 8)*(-1)/l prime?
True
Suppose 87*x = 69*x + 3111282. Is x a prime number?
True
Suppose 2*f + 20 - 3 = -3*i, 0 = -5*f - 5*i - 40. Let q = -73 + -111. Let u = f - q. Is u prime?
False
Is (-9 - -11 - 270484)*1/(-2)*1 a composite number?
False
Let s(n) = -542*n + 1377. Is s(-6) composite?
True
Let x(c) = -17*c**2 - 142*c - 17. Let s(i) = 16*i**2 + 143*i + 17. Let j(f) = 3*s(f) + 2*x(f). Is j(-12) a composite number?
False
Let n be -1*((-14607726)/6)/7. Suppose 16*b + 25*b = n. Is b a composite number?
True
Let o = 1462 - 145